 prime factors of t?
2, 3
Suppose -124*y = -107*y - 269994. List the prime factors of y.
2, 3, 2647
Let f(r) be the first derivative of 11*r**4/2 + 4*r**3/3 - 8*r**2 + 60*r + 16. What are the prime factors of f(4)?
2, 367
Let o = 19475 - 11964. What are the prime factors of o?
7, 29, 37
Let a(d) be the second derivative of d**5/10 - d**4/6 - d**3/2 - 11*d**2/2 + 56*d. What are the prime factors of a(7)?
2, 139
Let t = 903 - 1003. Suppose -5*m + i + 3*i = -86, -i + 19 = m. List the prime factors of t/6*m/(-12).
5
Let k be ((-2)/(-7))/((-3)/(-63)). What are the prime factors of (k/(-4))/(7/((-17528)/6))?
2, 313
Let i(l) = -8*l - 4. Let y be i(-1). Suppose -3*p = -4*u - 8*p + 1199, 5*u + y*p = 1510. List the prime factors of u.
2, 3, 17
List the prime factors of -6*5/((-30)/2414).
2, 17, 71
Let p(y) be the third derivative of y**4/12 - 4*y**3/3 - 479*y**2. Let c(b) = b + 17. Let f be c(0). List the prime factors of p(f).
2, 13
Let r = 16 - 12. Suppose 32 = 5*p + 3*p. Suppose -p*n = r*h - 312, h - 3*h = 6. What are the prime factors of n?
3
Let m = 13715 - 11959. List the prime factors of m.
2, 439
Let z = 111 + -163. Let s = z + 159. Suppose s = k + m, -3*k - k = -3*m - 442. What are the prime factors of k?
109
Let l = 16 + 0. Let s be (-1)/(1 + l/(-12)). What are the prime factors of (2/s)/((-1)/(-51))?
2, 17
Let y(r) = -145*r**2 - 6*r + 5. Let z be y(1). Let k(c) = 10*c**3 + 3*c**2 + 3*c - 3. Let n be k(-3). Let t = z - n. List the prime factors of t.
109
Suppose 94301 = 39*v - 28315. What are the prime factors of v?
2, 3, 131
Suppose -51*v - 36*v - 10*v + 5602332 = 0. List the prime factors of v.
2, 3, 4813
Let j = 29141 - 2722. List the prime factors of j.
29, 911
Let j(o) = 695*o**2 + 10*o + 5. What are the prime factors of j(3)?
2, 5, 17, 37
List the prime factors of 2 - 1 - (-618568)/334.
17, 109
Suppose 0 = 10*g + 5*g - 5955. Let v = 451 - g. What are the prime factors of v?
2, 3
Suppose -685*k + 687*k = -g + 17453, -3*k = -4*g + 69768. What are the prime factors of g?
3, 5, 1163
Let x = 29 + -30. Let m be (-1 - 1) + x + 3 - -18. Suppose m = 3*d - d. List the prime factors of d.
3
Suppose -4*t + 9 = -3*w, -3*t - w + 0*w + 10 = 0. Suppose -t*h = -1143 - 1119. List the prime factors of h.
2, 13, 29
Suppose 48 + 18 = m. Let z = 447 + -290. Let q = z - m. What are the prime factors of q?
7, 13
Let g(s) = s**3 + 7*s**2 + 14*s + 6. Let c be g(-3). Let v(h) = h**3 + h**2 - 4*h + 318. List the prime factors of v(c).
2, 3, 53
Let g(s) be the third derivative of s**4/8 + 13*s**3/3 - 2*s**2. Let w = 541 + -523. What are the prime factors of g(w)?
2, 5
Let j(c) = c**3 - 14*c**2 + 5*c + 24. Let s be j(6). Let f = s + 265. What are the prime factors of f?
31
Suppose -3*r + 5*x + 5262 = 0, 5981 = 4*r + x - 1058. Let o = -960 + r. What are the prime factors of o?
17, 47
Suppose 8*v - 2702592 = -184*v. List the prime factors of v.
2, 3, 17, 23
Suppose 5*z - 19 = 6, 4*u + 5*z = -7. Let c(q) = -12 - 58*q + 50*q + 6*q**2 - 4*q**2. What are the prime factors of c(u)?
2, 3, 5
Let r be -5 + (2 - -2) + (-98)/(-2). Suppose 4*x - r = -0*x - 4*m, 3*x + 2*m = 36. Suppose 0 = x*v - 1073 - 655. What are the prime factors of v?
2, 3
Let w(l) be the first derivative of 2*l**3/3 - 11*l**2/2 + 5*l - 15. Let u be w(5). Suppose u = -b + 2*s + 43, 3*b - 11 = s + 108. List the prime factors of b.
3, 13
Suppose -6*p - 8 + 2 = 0. Let x be 56/(6 - 13) - p/(-1). List the prime factors of ((-60)/x)/(3/27).
2, 3, 5
Let u(w) = 12*w**2 + 2*w. Let t be u(-1). Suppose -t = 3*n + 2*m, -3*n + 3*m = -0*m + 15. List the prime factors of 3 + (-1 - -27)/(n/(-6)).
2, 3, 7
Let m(a) = a**3 - 17*a**2 + 4*a - 10. Let d be m(17). List the prime factors of (-19 - -13)/((-4)/d).
3, 29
Let h(v) = v**3 + 11*v**2 + 3*v + 23. Let n be h(-11). Let l(b) = 4 - 5 - 28*b - 17. What are the prime factors of l(n)?
2, 131
Suppose -16 = -2*l - 2*y, 0 = 4*l + 2*y - 7*y + 13. Suppose -d + l*d - 400 = -4*f, -5*f - 5*d = -505. What are the prime factors of f?
3, 11
Let s = 39 - -1665. What are the prime factors of s?
2, 3, 71
What are the prime factors of (8/10)/4 - (-389939)/55?
2, 5, 709
Let c = 704 + -684. Suppose -2*h + c*l + 2162 = 24*l, -l = -h + 1084. List the prime factors of h.
3, 19
Suppose 2*q - 7*q + 50 = -5*w, 0 = 5*q + 2*w - 15. Let a(t) = 73*t - 127. What are the prime factors of a(q)?
2, 7, 17
Let p be (-3)/((-6)/(-28)) - -2. Suppose 1081*n + 40 = 1082*n. Let i = p + n. List the prime factors of i.
2, 7
Suppose -1611287 = -113*c + 2*c + 661438. What are the prime factors of c?
3, 5, 7, 13
Suppose -7 = -4*j - 2*m + 15, 3*j + 3*m = 21. Suppose 4*b - 1225 = j*x + 171, 343 = b + 5*x. What are the prime factors of b?
2, 3, 29
Let n(c) = -c**3 + 7*c**2 + 4*c + 13. Let s be n(7). Let r = s - 29. What are the prime factors of 201*((-16)/r - -2)?
2, 67
Suppose x - 10 = 4*b, -5*b + 8*b = -5*x + 4. Suppose 19257 = u - 1302. What are the prime factors of x/20 + u/110?
11, 17
Let o = -262 + 4720. What are the prime factors of o?
2, 3, 743
What are the prime factors of (-40 - -18820)*(-2)/(-12)*3?
2, 3, 5, 313
Suppose 17*k + 2780 = 21*k. Let i = 1476 - k. What are the prime factors of i?
11, 71
Let x be 6/(-8)*(-16)/4. Let k(o) = -o**3 - 4*o**2 + 12*o + 9. Let s be k(-7). Suppose -x*i + s = -i. List the prime factors of i.
2, 3
What are the prime factors of (-2)/(-8) + -7 + ((-2891330)/(-8))/23?
113, 139
List the prime factors of 1/5 + 24340720/1900 - 30/285.
23, 557
Let n be (5 - (9 + -3))/(-1). List the prime factors of 477 + n - (-4)/4.
479
List the prime factors of (6/(-9))/((-86)/697245).
5, 23, 47
Let u(m) = 4*m - 1. Let i(g) = g. Let a(o) = -5*i(o) + u(o). Let x be a(0). What are the prime factors of 153 + 2/x - (-4)/4?
2, 19
What are the prime factors of (((-6)/10)/((-1134)/1080))/((-2)/(-42553))?
2, 6079
Let q = -17168 - -35270. What are the prime factors of q?
2, 3, 7, 431
Let d(a) = -2*a**3 - 9*a**2 + 20*a + 1. What are the prime factors of d(-8)?
17
Let q(i) = -5*i - 26. Let u be q(-6). Let k be 20/5 + u + 0. Let x(t) = -t**3 + 8*t**2 + 13*t. What are the prime factors of x(k)?
2, 13
Let g be (-4)/6*(-12)/2. Suppose 0 = -3*u + 6*u + v - 1545, 4*u - 2060 = -3*v. Suppose 5*m = -g*a + u, -2*m + a = -157 - 49. List the prime factors of m.
103
Let w be ((-380)/15)/((-1)/54). Suppose -5*p - 796 = 3*z, 0 = -6*z + z + 2*p - w. Let m = z + 402. List the prime factors of m.
2, 5, 13
Let l = -5169 + 6163. What are the prime factors of l?
2, 7, 71
Let i(t) = 2*t**2 - 14. Let f be i(6). Let z = 418 - f. List the prime factors of z.
2, 3, 5
Let u(w) = 4065*w - 30. Let y be u(2). Suppose 0 = -24*f - y + 26964. What are the prime factors of f?
2, 3, 131
Let d = 10748 - 5382. What are the prime factors of d?
2, 2683
Suppose -7*o + 3*o + 4 = -4*j, 0 = j - 3*o + 7. What are the prime factors of (0 + j/3)*9435/34?
5, 37
Suppose -26*l = 20*l - 35*l - 18260. List the prime factors of l.
2, 5, 83
Suppose -174*j = -410*j + 187*j + 3152317. List the prime factors of j.
64333
Let r(n) = -67*n**2 + 4*n + 9. Let b(u) = -132*u**2 + 7*u + 16. Let j(m) = -4*b(m) + 7*r(m). Let h be (-2)/(4 - 2) - -2. What are the prime factors of j(h)?
2, 29
Let m(w) = 214*w**3 + 163*w**3 - 378*w**3 - w**2 - w + 210. Let r be 0/(1 + 4/(-2)). List the prime factors of m(r).
2, 3, 5, 7
Suppose -10*r + 4491 + 6159 = 0. Suppose 17*w - 2*w = r. List the prime factors of w.
71
Let d be ((-2)/(-6))/((-7)/105). Let u be (-2)/d + (-628)/20. Let t = 67 + u. List the prime factors of t.
2, 3
Let i(a) = a**3 + 5*a**2 - 4*a - 4. Let k be i(4). Let p(x) = x**2 - 91*x + 866. Let r be p(13). Let w = k - r. List the prime factors of w.
2, 17
Suppose -k = -2*d + 671, 0*k - 676 = -2*d - 4*k. Let q = -22 + d. What are the prime factors of q?
2, 157
Suppose 11019*g - 16900 = 10999*g. What are the prime factors of g?
5, 13
Suppose -5*z - 4954 + 69 = 4*w, 5*z = -25. Let d be 8/(-3)*w/20. Suppose 4*q - 2*q = d. What are the prime factors of q?
3
Let d(o) = 1368*o + 306. What are the prime factors of d(6)?
2, 3, 11, 43
Let c(l) = 7*l**2 + 5*l + 0 + l + 1 - 6*l**2. Let w(g) = -2*g - 35. Let m be w(-14). What are the prime factors of c(m)?
2
Let g = 167 - 187. What are the prime factors of (-18)/15*g/(-8) - -386?
383
Let v(m) = -m**2 + 99*m - 480. What are the prime facto